 993832?
9
What is the ten thousands digit of 537973857?
7
What is the ten millions digit of 5020760682?
2
What is the hundred thousands digit of 587424005?
4
What is the ten millions digit of 54794015?
5
What is the ten thousands digit of 1633429?
3
What is the ten thousands digit of 302433821?
3
What is the ten thousands digit of 86641473?
4
What is the billions digit of 4777447841?
4
What is the hundreds digit of 192310087?
0
What is the thousands digit of 110805357?
5
What is the ten thousands digit of 138079548?
7
What is the hundred millions digit of 736576635?
7
What is the ten thousands digit of 287665978?
6
What is the hundreds digit of 257311266?
2
What is the thousands digit of 3095076513?
6
What is the millions digit of 117334456?
7
What is the hundred millions digit of 377801617?
3
What is the millions digit of 105180082?
5
What is the hundred thousands digit of 10853561?
8
What is the hundred thousands digit of 283523592?
5
What is the ten millions digit of 150026621?
5
What is the thousands digit of 991005757?
5
What is the hundreds digit of 92037903?
9
What is the thousands digit of 58061290?
1
What is the hundred millions digit of 3772752396?
7
What is the hundreds digit of 284064593?
5
What is the hundreds digit of 58711692?
6
What is the thousands digit of 2892656333?
6
What is the ten thousands digit of 950677920?
7
What is the ten millions digit of 794118556?
9
What is the hundred millions digit of 1648854113?
6
What is the tens digit of 16924723?
2
What is the thousands digit of 59689998?
9
What is the ten millions digit of 27840387?
2
What is the ten thousands digit of 3958571?
5
What is the millions digit of 50415596?
0
What is the ten millions digit of 31311505?
3
What is the tens digit of 14696848?
4
What is the hundred thousands digit of 1478996778?
9
What is the ten millions digit of 69899858?
6
What is the millions digit of 2213180773?
3
What is the ten millions digit of 117552427?
1
What is the units digit of 174911670?
0
What is the millions digit of 61537720?
1
What is the tens digit of 2430320900?
0
What is the ten thousands digit of 522388659?
8
What is the thousands digit of 71698601?
8
What is the tens digit of 971473227?
2
What is the hundred thousands digit of 190057005?
0
What is the ten thousands digit of 204803151?
0
What is the millions digit of 84234998?
4
What is the thousands digit of 1361822617?
2
What is the hundreds digit of 427572545?
5
What is the thousands digit of 621563903?
3
What is the thousands digit of 449935199?
5
What is the ten thousands digit of 512248187?
4
What is the ten thousands digit of 2719861458?
6
What is the ten millions digit of 46865864?
4
What is the ten thousands digit of 166297498?
9
What is the units digit of 329881251?
1
What is the hundreds digit of 90540953?
9
What is the hundreds digit of 60821785?
7
What is the units digit of 30025791?
1
What is the ten thousands digit of 87525896?
2
What is the hundreds digit of 2107784304?
3
What is the ten thousands digit of 259763183?
6
What is the hundred thousands digit of 362384871?
3
What is the thousands digit of 204181531?
1
What is the units digit of 123391845?
5
What is the hundred thousands digit of 37329895?
3
What is the tens digit of 78718810?
1
What is the ten millions digit of 45913050?
4
What is the hundred millions digit of 1486183853?
4
What is the hundreds digit of 93039265?
2
What is the tens digit of 528982818?
1
What is the thousands digit of 22685769?
5
What is the hundred thousands digit of 363968956?
9
What is the hundred millions digit of 182612744?
1
What is the hundreds digit of 92860704?
7
What is the billions digit of 1830875598?
1
What is the hundreds digit of 203950729?
7
What is the tens digit of 48015535?
3
What is the ten millions digit of 1034858534?
3
What is the ten millions digit of 28413826?
2
What is the hundred millions digit of 160873558?
1
What is the hundred thousands digit of 8400335?
4
What is the ten millions digit of 58255026?
5
What is the hundred thousands digit of 52372767?
3
What is the ten thousands digit of 72052616?
5
What is the billions digit of 2051015781?
2
What is the hundreds digit of 112122223?
2
What is the thousands digit of 2118299648?
9
What is the tens digit of 32441485?
8
What is the ten thousands digit of 24605957?
0
What is the ten millions digit of 37024957?
3
What is the hundreds digit of 43911156?
1
What is the hundred millions digit of 239971754?
2
What is the ten thousands digit of 666035218?
3
What is the tens digit of 1599632060?
6
What is the ten thousands digit of 2358069905?
6
What is the hundreds digit of 491321432?
4
What is the tens digit of 48049892?
9
What is the units digit of 30586304?
4
What is the thousands digit of 4068640?
8
What is the ten thousands digit of 2177236?
7
What is the ten millions digit of 87384575?
8
What is the tens digit of 208345953?
5
What is the hundred millions digit of 1832801013?
8
What is the ten millions digit of 89678262?
8
What is the thousands digit of 213760850?
0
What is the millions digit of 3274539?
3
What is the tens digit of 456534725?
2
What is the hundred thousands digit of 7752518349?
5
What is the millions digit of 3111738875?
1
What is the millions digit of 34757687?
4
What is the millions digit of 778587955?
8
What is the millions digit of 490991957?
0
What is the hundred thousands digit of 75925163?
9
What is the tens digit of 22600071?
7
What is the ten millions digit of 510171681?
1
What is the ten millions digit of 174044208?
7
What is the ten thousands digit of 63816431?
1
What is the ten millions digit of 149937750?
4
What is the thousands digit of 227649855?
9
What is the units digit of 403521159?
9
What is the ten millions digit of 5380971690?
8
What is the millions digit of 309678566?
9
What is the ten thousands digit of 488782563?
8
What is the hundred thousands digit of 10825565?
8
What is the units digit of 47119596?
6
What is the hundred millions digit of 1053316235?
0
What is the ten millions digit of 165007035?
6
What is the units digit of 193605139?
9
What is the hundred millions digit of 2682887672?
6
What is the thousands digit of 131023539?
3
What is the ten thousands digit of 2091765057?
6
What is the ten millions digit of 166275584?
6
What is the tens digit of 488899465?
6
What is the units digit of 889809?
9
What is the hundred thousands digit of 159267853?
2
What is the hundreds digit of 1227013005?
0
What is the tens digit of 193909385?
8
What is the thousands digit of 973077484?
7
What is the millions digit of 34230259?
4
What is the thousands digit of 59206675?
6
What is the ten millions digit of 61082590?
6
What is the thousands digit of 636468354?
8
What is the hundreds digit of 629890995?
9
What is the tens digit of 382968003?
0
What is the hundreds digit of 116216498?
4
What is the ten millions digit of 411367716?
1
What is the hundreds digit of 681129267?
2
What is the thousands digit of 5381763578?
3
What is the tens digit of 73839150?
5
What is the hundred thousands digit of 4339009959?
0
What is the tens digit of 3119348?
4
What is the ten thousands digit of 1183142023?
4
What is the ten millions digit of 4491916137?
9
What is the billions digit of 1977106546?
1
What is the ten millions digit of 48331949?
4
What is the hundred millions digit of 698428864?
6
What is the hundreds digit of 421439828?
8
What is the hundreds digit of 32632881?
8
What is the tens digit of 51081883?
8
What is the ten millions digit of 2033835412?
3
What is the ten thousands digit of 589037110?
3
What is the ten thousands digit of 12251370?
5
What is the ten thousands digit of 3124116219?
1
What is the thousands digit of 1362979593?
9
What is the ten millions digit of 83601288?
8
What is the thousands digit of 184785943?
5
What is the tens digit of 94976883?
8
What is the millions digit of 131156868?
1
What is the hundreds digit of 128595436?
4
What is the tens digit of 1125404352?
5
What is the units digit of 893126797?
7
What is the ten millions digit of 217424561?
1
What is the units digit of 24913052?
2
What is the thousands digit of 113880655?
0
What is the thousands digit of 3531557752?
7
What is the millions digit of 14301452?
4
What is the hundred thousands digit of 801551034